*l - 4*j = 86, -3*j - 82 = -l - l. What is the units digit of l?
5
What is the tens digit of 295 - ((-24)/36 - (-8)/3)?
9
Let h = -29 + 54. Suppose -4*m - 4*y - h = -9, m + 5*y + 4 = 0. What is the units digit of m/16 - 66/(-8)?
8
Let h = -22 - -31. What is the units digit of h?
9
Suppose 3*b + 15 = 0, -p = b + 2 - 11. What is the tens digit of (-1)/(-1) + (p - 3)?
1
Let d be 4/(3*2/3). Suppose -2*r = 4*j - 6, 8 = 2*r - j + d. Suppose 3*g + 1 = 4*c, -4*g + 5*g - 4*c + r = 0. What is the units digit of g?
1
Suppose -5*o + 745 = 3*a, -a + 0*a + 4*o = -237. What is the hundreds digit of a?
2
Let t be 18 + 0*(-4)/(-12). What is the units digit of (1 - -2)/(6/t)?
9
Let q = 19 + -5. What is the units digit of q?
4
Let t be 1 - (4 - 1) - -3. What is the units digit of (1 + 6)/t - -1?
8
Suppose 4*n - n = 0. Let f(m) = m**2 + m + 15. What is the units digit of f(n)?
5
Let p = 17 - -3. What is the units digit of p?
0
Suppose t + 3 = 0, 0 = -5*u + 5*t - 0*t + 25. What is the units digit of 7 + -5 + u + 2?
6
Suppose -3*d - d = -2*z - 14, 0 = -4*d - z + 11. Let y(x) = -d*x**2 + 4*x + 2*x**2 + 3 + 5*x. What is the units digit of y(8)?
1
Suppose -5*o - 10 = 0, -2*d - 12 = 5*o + 14. Let k be ((-2)/3)/(d/12). Suppose -2*x + 5 = k. What is the units digit of x?
2
Suppose o + o - 8 = 0. Suppose 5*i + n = -29, -o*i + 2 = 4*n + 22. Let q = 12 + i. What is the units digit of q?
6
Let c = 2 - -10. Suppose -4*w = -0*w - c. What is the units digit of w?
3
Let y = 17 + -12. Let z(t) = -5 + 4 + 4*t - 2 + 0*t. What is the tens digit of z(y)?
1
Let j = 1 + -4. Let u = j - -7. What is the units digit of (4 - 1)*u/12?
1
Let b = -13 - -9. Let u = 7 - b. What is the tens digit of u?
1
Let g(x) = -x - 5. Let a be g(-6). Suppose -3*m + 0 = d + a, 2*m + 14 = 2*d. Let b = m + 5. What is the units digit of b?
3
Suppose -27*u = -28*u + 2. Let g(t) = -t + 5. Let k be g(0). Suppose m + 2 = u*l, 2 = -5*l + 3*m + k. What is the units digit of l?
3
Let o(q) = q**2 + 6*q - 1. Let g be o(6). Suppose -g = -5*f + 9. What is the tens digit of f?
1
Suppose 8*v = 5*v + 60. What is the units digit of v?
0
Let x(t) = -2*t**2 + 2*t - 35. Let k(c) = -3*c**2 + 3*c - 52. Let h(m) = -5*k(m) + 7*x(m). Let q be h(0). Let y = q - 8. What is the units digit of y?
7
Suppose -53 = 4*f + 7. Let i be (-6)/f + 114/(-10). Let k = i - -21. What is the units digit of k?
0
Let o = -6 - -8. What is the tens digit of (-175)/(-15) + o/(-3)?
1
Suppose 2*z - 1340 = -8*z. What is the hundreds digit of z?
1
Let t = -6 - -4. Let f be t/(-4)*(-2 + 4). Suppose 0 = 4*n + f - 13. What is the units digit of n?
3
Let c(o) = 142*o + 8. What is the units digit of c(2)?
2
Let i(p) = p**2 - 11*p + 3. Let s be i(11). What is the tens digit of (-12)/(-9)*9 + s?
1
Suppose 4*g = -2*q + q + 65, 3*q = -9. Suppose 4*a - 4*r - 2 + 6 = 0, -11 = -a - 3*r. Suppose -g = -a*u + 1. What is the units digit of u?
9
Let t = 81 - 5. What is the tens digit of t?
7
Suppose -5*i + 6*i = 70. What is the units digit of i?
0
Let m(h) = h - 9. Let c be m(8). What is the units digit of 2/4*30 + c?
4
Let h(u) = -u - 9. Let x be h(-5). Let p be 2/(-8) + (-17)/x. Suppose -5*b + b + 24 = p*o, 0 = -2*b - 3*o + 16. What is the units digit of b?
2
Let k(w) = w**2 + 2*w + 1. Let n be k(-4). Let r = 2 + 3. Suppose r*t = 2*p - 29, p - 2*t = 22 - n. What is the units digit of p?
7
Suppose -34 = 2*i + 38. Suppose 3*y - 83 = 19. What is the units digit of (-1)/(1 + i/y)?
7
Let a(i) = -2*i**2 + 10*i - 3. Let f(h) = 3*h**2 - 9*h + 2. Let c(m) = 5*a(m) + 6*f(m). What is the tens digit of c(-2)?
3
Let h(y) = -24*y - 26. Let v be h(-11). Suppose -4*t = -4*f - 176, -5*t = 3*f + f - v. What is the units digit of t?
6
Suppose -q - 117 = -3*t + 2*q, -5*q = -t + 31. What is the units digit of t?
1
Suppose 3*b - 7 = 8. Let k be 0*((-12)/(-9))/(-4). Let d = b + k. What is the units digit of d?
5
Let r(l) = 9*l - 64. What is the units digit of r(9)?
7
Suppose 0 = 4*j - 0*j. Suppose j = -0*l + 4*l. Suppose l = 3*r - 2*r - 5. What is the units digit of r?
5
Let s(x) = x**2 - 5*x + 8. Let q be s(6). Let n = 7 - q. Let t = -3 - n. What is the units digit of t?
4
Let y = -31 + 35. What is the units digit of y?
4
Let w(k) = -k**2 - 9*k - 4. Let n be w(-8). Let d be 1*(n + 1 - 1). Suppose -d*m - 4 = 2*u, -2*m - 11 = -3*u - 1. What is the units digit of u?
2
Let a = -38 - -26. Let y be (-8)/(-6)*27/(-2). Let d = a - y. What is the units digit of d?
6
Suppose -4*j = -2*l, 0 = 3*l + 3*j - 5*j. Let x = 2 - l. Suppose -x - 1 = -h. What is the units digit of h?
3
Let c(n) = -n**3 + n**2. Let x be c(1). What is the tens digit of ((-8)/(-3) - x)*12?
3
Suppose 4*b - 4*g + 8 + 12 = 0, 4*g = -5*b + 2. Let q be 3/(-3) + b + 14. Suppose 2*h = q - 1. What is the units digit of h?
5
Let s = 119 + -49. What is the units digit of s?
0
Let v(k) = k**2 + 6*k - 19. Let z be v(-16). Suppose -6*f + z = -63. What is the units digit of f?
4
Let t be (20/25)/(2/40). Let a = t + -2. What is the units digit of a?
4
Suppose 5*t - 134 = -4. What is the units digit of t?
6
Suppose 3*n - 4*n = 4*h - 14, 0 = -4*h + n + 10. Suppose -7*p = -h*p - 172. What is the units digit of p?
3
Let r be ((-2)/(-3))/((-4)/(-18)). What is the units digit of (r/(-9))/((-1)/57)?
9
What is the units digit of 173/5 - (-8)/20?
5
Let p(j) = -4*j**3 + 3*j**2 + 3*j + 2. What is the tens digit of p(-2)?
4
Let n be (-21)/(-6) + (-2)/(-4). Suppose -d + 11 = -r - 0*r, 0 = 2*r - n. Suppose d - 4 = q. What is the units digit of q?
9
Let z(i) = -8*i + 7. Let j be (-1)/(-1*(-1)/6). Let v be z(j). Suppose -5*k = -0*k - v. What is the tens digit of k?
1
Let o = 3 + -6. Let n = 1 + o. What is the units digit of (1 - 0) + (-2)/n?
2
Let b(h) = h**2 + h + 24. What is the units digit of b(0)?
4
Suppose -4*i + h = 4*h - 26, 0 = i - h - 3. What is the units digit of i?
5
Let q = -30 - -51. Let t = q - 8. What is the tens digit of t?
1
Suppose -4 = 3*v + 5. Let i = v + 7. Let t = 0 + i. What is the units digit of t?
4
Let z(d) = 2*d**3 + d**2 - d + 42. What is the units digit of z(0)?
2
Suppose -y - 4*y = 3*d + 32, 0 = 4*y + d + 20. What is the units digit of (-23)/(-4) + (-1)/y?
6
Let q(f) = -12*f - 25. What is the tens digit of q(-10)?
9
Suppose 27 = -8*p + 5*p. Let u = p + 16. What is the units digit of u?
7
Let m = -4 - -26. What is the units digit of m?
2
Let s = 252 + -115. What is the tens digit of s?
3
Let k(u) = 3*u**3 + 2*u**2 - 1. Let d be k(-1). Let o(v) = v**3 + 3*v**2 + v. Let f be o(d). What is the units digit of f*(11 - (3 - 2))?
0
Let g(f) = f**3 - f. Let r(p) = 3*p**3 - 2*p**2 - 4*p + 1. Let k(u) = -4*g(u) + r(u). What is the units digit of k(-2)?
1
Let o be ((-5)/(20/8))/2. What is the units digit of (1 - 1) + o - -19?
8
Suppose -3*a + 12 = d + d, -4*d + 36 = 3*a. Let w(y) = -4*y + 6. Let o be w(3). Let g = d + o. What is the units digit of g?
6
Let d = -160 - -272. What is the units digit of d?
2
Let s(h) be the second derivative of -h**4/12 - 5*h**3/6 + h. Let q be (-1)/((0 - 2)/(-8)). What is the units digit of s(q)?
4
Suppose 3*q - o = -1, -4*q = -3*o + o + 4. Let f(r) = 3*r**2. Let n be f(q). Suppose -v = n*k - 1, 3*v + 0*k - 3 = 3*k. What is the units digit of v?
1
Let r be (2/7)/((-8)/(-56)). What is the units digit of (-4 + 5)*(r - 1)?
1
Let g be 2 - (0 + 0/1). Suppose -15 = g*r - 5*r, 4*z = -5*r - 43. What is the units digit of z/(-5) + (-6)/15?
3
Suppose -39*h - 178 = -41*h. What is the tens digit of h?
8
Let m be (-4)/(-10) - 83/(-5). What is the tens digit of (0 + m)/(3 + -2)?
1
Let i(w) = w**3 - 10*w**2 + 10*w + 7. Let l be i(9). Suppose l + 3 = x. What is the tens digit of x?
1
Let c be 1 + 2 + 3 + -2. Suppose 2*q + 42 = c*d, -39 = -6*d + 2*d + 5*q. What is the units digit of d?
1
Suppose -162 = -4*w + 158. What is the units digit of w?
0
Let j be (0 + -1)*(3 + -5). Suppose 72 = j*f + f. What is the units digit of (30/(-8))/((-9)/f)?
0
Let r(x) = -x**2 + 3*x + 44. What is the units digit of r(0)?
4
Let f = 0 + -4. Let t(c) = -c**3 - 4*c**2 - 6*c - 4. What is the tens digit of t(f)?
2
Let t be 1/(3*(-3)/(-9)). Let j = t - -8. What is the units digit of j?
9
Suppose 3*f = 5*f - 6. Let m(s) = s + 5*s**f + 4*s - 4*s**3 - 5*s**2. What is the units digit of m(4)?
4
Let z(v) = 19*v - 1. Let y be z(1). Let r = 25 + -19. Let o = y -